-1)/(1 + -2). Let f(t) = 6*t**2 + 3*t + 7. What is the tens digit of f(x)?
5
Let s(z) = -z**2 + 6*z + 21. Let t be s(8). Suppose -t*g + 61 = -69. What is the tens digit of g?
2
Let q(u) = 15 + 9*u**2 - 2*u**2 - u**3 + 14*u + 4*u**2 + u**2. What is the tens digit of q(13)?
2
Let a(c) = -4*c**3 + 4*c - 3. Let g(i) = 9*i**3 + i**2 - 8*i + 7. Let z(s) = -7*a(s) - 3*g(s). Suppose 13 = -3*x + 28. What is the tens digit of z(x)?
3
Let t(p) = -943*p + 3. What is the hundreds digit of t(-1)?
9
Suppose 14*r - 31*r = -8194. What is the tens digit of r?
8
Let t(h) = h**3 + 25*h**2 - 4*h + 56. What is the hundreds digit of t(-24)?
7
Suppose s + 87 = -4*g, 0 = -g + s - 18 - 0. Suppose h = -2*h + 120. Let q = h + g. What is the tens digit of q?
1
Let q(z) = 2*z**2 - 10*z - 35 - 15 - 44*z. What is the units digit of q(30)?
0
Suppose -5*l + 2*l = 4*q - 23, -3*l + 4*q + 7 = 0. Let x be 3/l + 454/10. Suppose 2*o = 4*o - x. What is the tens digit of o?
2
Suppose 0 = t + 4*a - 1640, -5*t - 4*a = -6454 - 1826. What is the tens digit of t?
6
Suppose -17*o + 7751 + 528 = 0. What is the hundreds digit of o?
4
Let w = 958 + 769. What is the thousands digit of w?
1
Suppose 0 = -3*s - 29 - 61. Let v = 74 + s. What is the tens digit of v?
4
What is the hundreds digit of 261/(171/(-1064) - 3/(-8))?
2
What is the thousands digit of (1 - 14883/9)*(-150)/50?
4
Suppose 16577 = 230*w - 219*w. What is the tens digit of w?
0
Suppose 3*s - 4*s = 136. What is the tens digit of 2 + s/(0 - 4)?
3
Let q(y) = 2*y. Let n be q(-5). Let c = -7 - n. Suppose -c*h + 103 + 29 = 0. What is the tens digit of h?
4
Suppose d + 4*d - 20 = 0. Let l(f) = 46 + 7*f - 69 + 23. What is the units digit of l(d)?
8
Suppose 2*c + 5*c = 616. Suppose -c = 5*n - 7*n. What is the tens digit of n?
4
Let u be 2*-5*(-3)/15. Suppose -u = -3*s + 34. What is the units digit of s?
2
Let u = -139 - -58. Let h = -46 - u. What is the units digit of h?
5
Let b = -114 + 120. Let r(n) = 44*n + 66. What is the units digit of r(b)?
0
Let u be (12/8 - 3)*6. Let m be 6/9*-2*u. Suppose -m*q = -7*q - 15. What is the units digit of q?
3
Suppose -2*r = 4*o - 42, -3*o - 3*r = -5*r - 28. Let s = -9 + o. Let d = s - -9. What is the tens digit of d?
1
What is the tens digit of 17/(-119) + (-465)/(-21)?
2
Suppose 0 = 4*v - 0*v + 16, 5*r - 4308 = -3*v. What is the tens digit of r?
6
Let w(v) = 11*v**3 - 2*v**2 + 1725. What is the thousands digit of w(0)?
1
Let m = 658 + -413. What is the hundreds digit of m?
2
Let i(s) = s - 1. Let j(c) be the third derivative of -c**4/12 + c**3/6 + 2*c**2. Let l(h) = -5*i(h) - 3*j(h). What is the units digit of l(-1)?
1
Let k = 4511 - 3065. What is the units digit of k?
6
Let c = 1657 + -1655. Let o be (1 - 1) + 0 + 1. What is the units digit of c + (o + 51 - 2)?
2
Suppose -35 = -i - 25. What is the tens digit of (26/30*27)/(3/i)?
7
Suppose -3*a = -210 + 3633. Let m be a/(-28) - 3/4. Suppose -b + m + 10 = 0. What is the units digit of b?
0
Suppose 0 = -4*v + 4*m - 1 + 9, -3*v = -m + 2. Let b = v - -7. Suppose 6 = 7*c - b*c. What is the units digit of c?
3
Let l(x) be the first derivative of 9*x**2/2 + 6*x - 22. What is the tens digit of l(6)?
6
Suppose -84 = 5*w + a - 1685, 0 = -3*a + 3. What is the tens digit of w?
2
What is the tens digit of -28*47*(95/20 + -5)?
2
Let h be 19/3 + (-4)/(-6). Suppose 0 = h*g - 1227 + 436. What is the units digit of g?
3
Let k(t) = -17*t - 3*t**3 - 5*t**3 - 15*t**2 + 7*t**3 + 1. What is the tens digit of k(-14)?
4
Let d(a) be the first derivative of a**4/4 + 7*a**3/3 - a**2/2 + 8*a + 16. What is the tens digit of d(-7)?
1
Let x = 109 + 38. Let r = -60 + x. What is the tens digit of r?
8
Suppose -o = 0, -4*w - 2*o + 64 = -3*o. Suppose -264 = -4*g + w. What is the units digit of g?
0
Suppose -5*m + 878 + 407 = 0. What is the units digit of m?
7
Suppose -5*q + 12565 = 5*l, 4*q - 2*l = -q + 12593. What is the units digit of q?
7
Suppose 0 = -0*r - r + 4. Suppose -2*h = -y + 15 - 4, r*h + 12 = 0. Suppose -37 = -3*k + x - 3*x, -3*k = -y*x - 23. What is the tens digit of k?
1
What is the hundreds digit of 0 - 9 - -1774 - -4?
7
Let w(k) = 11*k**2 + 46*k - 391. What is the units digit of w(12)?
5
Let n(a) = 27 - 33 - 11*a**2 + a**3 + 13*a + 0*a**3. What is the units digit of n(10)?
4
Suppose j + 2*j - r = 3406, -4544 = -4*j + 4*r. What is the tens digit of j?
3
Let p = 355 + -170. Let u = p - 77. What is the units digit of u?
8
Let g be 54 + (-10 - -5)*1. Suppose 46*c = g*c - 717. What is the units digit of c?
9
Suppose -2*b - b + 24 = 0. Suppose n - 17 = -b. Suppose -n = -2*f + 5*d + 20, 5*f - 2*d = 83. What is the units digit of f?
7
Let x be ((-42)/4)/(6/(-12)). Let w = -9 + x. What is the units digit of w?
2
Let i(t) be the second derivative of -17*t**5/120 - t**4/24 - t**3/6 + 4*t. Let k(d) be the second derivative of i(d). What is the tens digit of k(-1)?
1
What is the thousands digit of (-1145035)/(-760) - (-3)/8?
1
Suppose 82*k = 81*k + 923. What is the hundreds digit of k?
9
Suppose -3*l + 0*l - 3 = 0. Let n be (l - -16)*(4 + -3). Suppose -2*d - d + n = 0. What is the units digit of d?
5
Suppose 0*v + 9 = 3*v. Let s be v + -2 - (3 - -42). Let c = 70 + s. What is the units digit of c?
6
Let s(z) = 0 - 3*z + 4*z**2 - 17*z**2 + 9*z - z**3 - 23. What is the units digit of s(-14)?
9
Let h(r) = -36*r + 5. Let l be h(4). Let o = 27 + l. What is the tens digit of 4/(-6) + o/(-6)?
1
Let p(s) = -39*s**3 - 2*s**2 - 2*s + 4. What is the tens digit of p(-2)?
1
Let a be ((-5)/10)/((-3)/486). Suppose -w - 3*w = -5*h - a, -4*w + 41 = 3*h. Suppose w = 5*x - 21. What is the units digit of x?
7
Suppose -m = -2, -2*q - 3*q + 4*m = -7. What is the units digit of (2/q)/(16/888)?
7
Let o(r) = -5*r**3 - r**2 - r + 1. Let s = 6 + -5. Let a be o(s). What is the units digit of (a/(-9))/(1/9)?
6
Let y = -171 - -360. What is the tens digit of y?
8
Let n be ((-1 - -2)*11)/(-1). Let a(d) = -d + 3. Let z be a(n). Let l = z + -12. What is the units digit of l?
2
Let n(d) = d**3 + 6*d**2 - 27*d + 5. Let o be n(-9). Suppose -3*f + 145 = 4*h - 627, -2*f + o*h + 484 = 0. What is the hundreds digit of f?
2
Let x(y) = -y**2 + 8*y + 9. Let h be x(10). Let k be (-60)/8*8/(-10). Let q = k - h. What is the tens digit of q?
1
Let m(n) = n + 2. Let z be m(12). Suppose -2*p + z = -154. What is the units digit of p?
4
Let m = -148 - -129. Let d = 107 - m. What is the hundreds digit of d?
1
Let l be (2 + -2)*(-1 + 4 + -4). Suppose 4*o - 87 - 5 = l. What is the units digit of o?
3
Let b = -10 - -8. Let n be -4*(b + (-11)/(-4)). What is the units digit of 4 + 1*(n + 0)?
1
Let v be 0/(-3 - -6 - 1). Let s = v + -3. What is the tens digit of 17 + -1 - (s - -6)?
1
Let m be 3/2 - (27/6 + -4). Let w(i) = 30*i**3 + i. What is the tens digit of w(m)?
3
Let g(d) = -d - 10. Let b be g(-12). Suppose -t = -n + 1, 12 = b*t + 2*t. Suppose 4*y = -n*l + 72, 24 = 2*l + 5*y - 15. What is the tens digit of l?
1
Suppose 3 = -3*k - 2*o, -5*k + 1 - 6 = 4*o. Let q(p) = -69*p + 2. What is the units digit of q(k)?
1
Let a be 407/(-22) - (-2)/4. Let v = -6 - a. What is the units digit of (33/v)/((-3)/(-12))?
1
Let b(y) = -y**3 + 5*y**2 - 8*y + 12. Let u be b(3). Suppose 0 = -18*a + u*a + 3600. What is the units digit of a?
0
Let u be 32/112 - 1774/(-14). Suppose 233 = 5*m - u. What is the tens digit of m?
7
Suppose -p = 4*f - 2518, -p + 5*f = p - 5010. What is the units digit of p?
0
Let v be (-6336)/(-20) - (-2)/10. Suppose 5*m + v - 1297 = 0. Suppose 0*n - 4*n = -m. What is the units digit of n?
9
Suppose -f - 2*f = 5*m - 28, 0 = -3*m - 4*f + 19. Suppose -m*k - 3*a + 5 = 0, 9*a + 36 = 4*k + 5*a. What is the units digit of 485/20 - (-3)/k?
5
What is the thousands digit of (0 - 39/65)*-6425?
3
Let t = -12 + 16. Let j(v) = 5 - 4 + t - 2 + 17*v. What is the tens digit of j(1)?
2
Suppose -1 = -3*i + 23. Let w = i - 4. Suppose -w*p - 1 = -13. What is the units digit of p?
3
Let i(p) = 3*p**2 - 22*p - 53. What is the units digit of i(-15)?
2
Suppose -1390 = -5*z + 9120. What is the tens digit of z?
0
Let q = -137 + 264. What is the units digit of q?
7
Let h(v) = v**3 - 12*v**2 + 2. Let k be h(12). Let w(q) = 17*q**3 - 2*q**2 + 3*q - 4. What is the hundreds digit of w(k)?
1
Let q(w) = -96*w - 60. What is the units digit of q(-13)?
8
Let y = 11 - 8